{"id":7,"date":"2015-02-10T19:21:05","date_gmt":"2015-02-10T19:21:05","guid":{"rendered":"http:\/\/avada.theme-fusion.com_demos\/architecture\/?page_id=7"},"modified":"2017-06-20T11:21:31","modified_gmt":"2017-06-20T09:21:31","slug":"stronaglowna","status":"publish","type":"page","link":"http:\/\/grupajagiellonia.pl\/","title":{"rendered":"stronag\u0142\u00f3wna"},"content":{"rendered":"<p><div class=\"fusion-fullwidth fullwidth-box fusion-builder-row-1 nonhundred-percent-fullwidth non-hundred-percent-height-scrolling\" style=\"--awb-background-position:left top;--awb-border-radius-top-left:0px;--awb-border-radius-top-right:0px;--awb-border-radius-bottom-right:0px;--awb-border-radius-bottom-left:0px;--awb-padding-top:75px;--awb-padding-bottom:55px;--awb-border-sizes-top:0px;--awb-border-sizes-bottom:0px;--awb-flex-wrap:wrap;\" ><div class=\"fusion-builder-row fusion-row\"><div class=\"fusion-layout-column fusion_builder_column fusion-builder-column-0 fusion_builder_column_1_1 1_1 fusion-one-full fusion-column-first fusion-column-last\" style=\"--awb-bg-size:cover;--awb-margin-bottom:10px;\"><div class=\"fusion-column-wrapper fusion-flex-column-wrapper-legacy\"><div class=\"fusion-sep-clear\"><\/div><div class=\"fusion-separator fusion-clearfix\" style=\"float:left;margin-top:0px;margin-bottom:35px;width:100%;max-width:170px;\"><div class=\"fusion-separator-border sep-single sep-solid\" style=\"--awb-height:20px;--awb-amount:20px;--awb-sep-color:#e2e3e8;border-color:#e2e3e8;border-top-width:3px;\"><\/div><\/div><div class=\"fusion-sep-clear\"><\/div><div class=\"fusion-text fusion-text-1\"><h3><em>Grup\u0119 Jagiellonia tworz\u0105 trzy sp\u00f3\u0142ki:<\/em><\/h3>\n<h3><em>Jagiellonia Holding sp\u00f3\u0142ka z ograniczon\u0105 odpowiedzialno\u015bci\u0105, Jagiellonia Nieruchomo\u015bci sp\u00f3\u0142ka z ograniczon\u0105 odpowiedzialno\u015bci\u0105 oraz Projekty Inwestycyjne sp\u00f3\u0142ka z ograniczon\u0105 odpowiedzialno\u015bci\u0105.<\/em><\/h3>\n<h3><em>Zajmujemy si\u0119 wynajmem i zarz\u0105dzaniem posiadanymi nieruchomo\u015bciami.<\/em><\/h3>\n<h3><em>\u00a0<\/em><\/h3>\n<\/div><div class=\"fusion-clearfix\"><\/div><\/div><\/div><\/div><\/div><div class=\"fusion-fullwidth fullwidth-box fusion-builder-row-2 nonhundred-percent-fullwidth non-hundred-percent-height-scrolling\" style=\"--awb-border-radius-top-left:0px;--awb-border-radius-top-right:0px;--awb-border-radius-bottom-right:0px;--awb-border-radius-bottom-left:0px;--awb-background-color:rgba(183,183,183,0.88);--awb-flex-wrap:wrap;\" ><div class=\"fusion-builder-row fusion-row\"><div class=\"fusion-layout-column fusion_builder_column fusion-builder-column-1 fusion_builder_column_1_1 1_1 fusion-one-full fusion-column-first fusion-column-last\" style=\"--awb-bg-size:cover;\"><div class=\"fusion-column-wrapper fusion-flex-column-wrapper-legacy\"><div class=\"fusion-sep-clear\"><\/div><div class=\"fusion-separator fusion-full-width-sep\" style=\"margin-left: auto;margin-right: auto;margin-top:65px;width:100%;\"><\/div><div class=\"fusion-sep-clear\"><\/div><div class=\"fusion-clearfix\"><\/div><\/div><\/div><div class=\"fusion-layout-column fusion_builder_column fusion-builder-column-2 fusion_builder_column_1_2 1_2 fusion-one-half fusion-column-first\" style=\"--awb-padding-top:30px;--awb-padding-right:30px;--awb-padding-bottom:30px;--awb-padding-left:30px;--awb-bg-color:#d8d8d8;--awb-bg-color-hover:#d8d8d8;--awb-bg-size:cover;width:48%; margin-right: 4%;\"><div class=\"fusion-column-wrapper fusion-flex-column-wrapper-legacy\"><div class=\"fusion-image-element fusion-image-align-center in-legacy-container\" style=\"text-align:center;--awb-caption-title-font-family:var(--h2_typography-font-family);--awb-caption-title-font-weight:var(--h2_typography-font-weight);--awb-caption-title-font-style:var(--h2_typography-font-style);--awb-caption-title-size:var(--h2_typography-font-size);--awb-caption-title-transform:var(--h2_typography-text-transform);--awb-caption-title-line-height:var(--h2_typography-line-height);--awb-caption-title-letter-spacing:var(--h2_typography-letter-spacing);\"><div class=\"imageframe-align-center\"><span class=\" fusion-imageframe imageframe-none imageframe-1 hover-type-none\" style=\"border:10px solid #f6f6f6;\"><img decoding=\"async\" width=\"400\" height=\"400\" title=\"test\" data-src=\"http:\/\/nowa-strona.grupajagiellonia.pl\/wp-content\/uploads\/2015\/02\/test.jpg\" alt class=\"img-responsive wp-image-931 lazyload\" data-srcset=\"http:\/\/grupajagiellonia.pl\/wp-content\/uploads\/2015\/02\/test-200x200.jpg 200w, http:\/\/grupajagiellonia.pl\/wp-content\/uploads\/2015\/02\/test.jpg 400w\" data-sizes=\"(max-width: 800px) 100vw, 400px\" src=\"data:image\/gif;base64,R0lGODlhAQABAAAAACH5BAEKAAEALAAAAAABAAEAAAICTAEAOw==\" style=\"--smush-placeholder-width: 400px; --smush-placeholder-aspect-ratio: 400\/400;\" \/><noscript><img decoding=\"async\" width=\"400\" height=\"400\" title=\"test\" src=\"http:\/\/nowa-strona.grupajagiellonia.pl\/wp-content\/uploads\/2015\/02\/test.jpg\" alt class=\"img-responsive wp-image-931\" srcset=\"http:\/\/grupajagiellonia.pl\/wp-content\/uploads\/2015\/02\/test-200x200.jpg 200w, http:\/\/grupajagiellonia.pl\/wp-content\/uploads\/2015\/02\/test.jpg 400w\" sizes=\"(max-width: 800px) 100vw, 400px\" \/><\/noscript><\/span><\/div><\/div><div class=\"fusion-sep-clear\"><\/div><div class=\"fusion-separator fusion-full-width-sep\" style=\"margin-left: auto;margin-right: auto;margin-top:12px;margin-bottom:12px;width:100%;\"><\/div><div class=\"fusion-sep-clear\"><\/div><div class=\"fusion-text fusion-text-2\"><h3 style=\"text-align: center;\"><strong>Wielopole 1 Krak\u00f3w<br \/>\n<\/strong><\/h3>\n<\/div><div class=\"fusion-sep-clear\"><\/div><div class=\"fusion-separator fusion-full-width-sep\" style=\"margin-left: auto;margin-right: auto;margin-top:12px;margin-bottom:12px;width:100%;\"><\/div><div class=\"fusion-sep-clear\"><\/div><div class=\"fusion-text fusion-text-3\"><p style=\"text-align: center;\"><em>Pa\u0142ac Prasy \u2013 projektowany pierwotnie jako dom towarowy ostatecznie sta\u0142 si\u0119 na blisko sto lat siedzib\u0105 r\u00f3\u017cnych redakcji od Ilustrowanego Kuriera Codziennego zaczynaj\u0105c, a ko\u0144cz\u0105c na Dzienniku Polskim. Obecnie budynek wpisany do rejestru zabytk\u00f3w mie\u015bci nowoczesne biura.<\/em><\/p>\n<\/div><div class=\"fusion-aligncenter\"><a class=\"fusion-button button-flat fusion-button-default-size button-lightgray fusion-button-lightgray button-1 fusion-button-default-span fusion-button-default-type\" target=\"_self\" href=\"http:\/\/nowa-strona.grupajagiellonia.pl\/index.php\/wielopole\/\"><span class=\"fusion-button-text\">SZCZEG\u00d3\u0141Y<\/span><\/a><\/div><div class=\"fusion-clearfix\"><\/div><\/div><\/div><div class=\"fusion-layout-column fusion_builder_column fusion-builder-column-3 fusion_builder_column_1_2 1_2 fusion-one-half fusion-column-last\" style=\"--awb-padding-top:30px;--awb-padding-right:30px;--awb-padding-bottom:30px;--awb-padding-left:30px;--awb-bg-color:#d8d8d8;--awb-bg-color-hover:#d8d8d8;--awb-bg-size:cover;width:48%;\"><div class=\"fusion-column-wrapper fusion-flex-column-wrapper-legacy\"><div class=\"fusion-image-element fusion-image-align-center in-legacy-container\" style=\"text-align:center;--awb-caption-title-font-family:var(--h2_typography-font-family);--awb-caption-title-font-weight:var(--h2_typography-font-weight);--awb-caption-title-font-style:var(--h2_typography-font-style);--awb-caption-title-size:var(--h2_typography-font-size);--awb-caption-title-transform:var(--h2_typography-text-transform);--awb-caption-title-line-height:var(--h2_typography-line-height);--awb-caption-title-letter-spacing:var(--h2_typography-letter-spacing);\"><div class=\"imageframe-align-center\"><span class=\" fusion-imageframe imageframe-none imageframe-2 hover-type-none\" style=\"border:10px solid #f6f6f6;\"><img decoding=\"async\" width=\"400\" height=\"400\" title=\"centralna511\" data-src=\"http:\/\/nowa-strona.grupajagiellonia.pl\/wp-content\/uploads\/2015\/02\/centralna511.jpg\" alt class=\"img-responsive wp-image-964 lazyload\" data-srcset=\"http:\/\/grupajagiellonia.pl\/wp-content\/uploads\/2015\/02\/centralna511-200x200.jpg 200w, http:\/\/grupajagiellonia.pl\/wp-content\/uploads\/2015\/02\/centralna511.jpg 400w\" data-sizes=\"(max-width: 800px) 100vw, 400px\" src=\"data:image\/gif;base64,R0lGODlhAQABAAAAACH5BAEKAAEALAAAAAABAAEAAAICTAEAOw==\" style=\"--smush-placeholder-width: 400px; --smush-placeholder-aspect-ratio: 400\/400;\" \/><noscript><img decoding=\"async\" width=\"400\" height=\"400\" title=\"centralna511\" src=\"http:\/\/nowa-strona.grupajagiellonia.pl\/wp-content\/uploads\/2015\/02\/centralna511.jpg\" alt class=\"img-responsive wp-image-964\" srcset=\"http:\/\/grupajagiellonia.pl\/wp-content\/uploads\/2015\/02\/centralna511-200x200.jpg 200w, http:\/\/grupajagiellonia.pl\/wp-content\/uploads\/2015\/02\/centralna511.jpg 400w\" sizes=\"(max-width: 800px) 100vw, 400px\" \/><\/noscript><\/span><\/div><\/div><div class=\"fusion-sep-clear\"><\/div><div class=\"fusion-separator fusion-full-width-sep\" style=\"margin-left: auto;margin-right: auto;margin-top:12px;margin-bottom:12px;width:100%;\"><\/div><div class=\"fusion-sep-clear\"><\/div><div class=\"fusion-text fusion-text-4\"><h3 style=\"text-align: center;\"><strong>Centralna 51 Krak\u00f3w<br \/>\n<\/strong><\/h3>\n<\/div><div class=\"fusion-sep-clear\"><\/div><div class=\"fusion-separator fusion-full-width-sep\" style=\"margin-left: auto;margin-right: auto;margin-top:12px;margin-bottom:12px;width:100%;\"><\/div><div class=\"fusion-sep-clear\"><\/div><div class=\"fusion-text fusion-text-5\"><p style=\"text-align: center;\"><em>Nieruchomo\u015b\u0107, na terenie kt\u00f3rej funkcjonowa\u0142a kiedy\u015b drukarnia prasowa aktualnie obejmuje zesp\u00f3\u0142 budynk\u00f3w o charakterze us\u0142ugowo-handlowo\u2013biurowym.<\/em><\/p>\n<\/div><div class=\"fusion-sep-clear\"><\/div><div class=\"fusion-separator fusion-full-width-sep\" style=\"margin-left: auto;margin-right: auto;margin-top:65px;width:100%;\"><\/div><div class=\"fusion-sep-clear\"><\/div><div class=\"fusion-aligncenter\"><a class=\"fusion-button button-flat fusion-button-default-size button-lightgray fusion-button-lightgray button-2 fusion-button-default-span fusion-button-default-type\" target=\"_self\" href=\"http:\/\/nowa-strona.grupajagiellonia.pl\/index.php\/centralna\/\"><span class=\"fusion-button-text\">SZCZEG\u00d3\u0141Y<\/span><\/a><\/div><div class=\"fusion-clearfix\"><\/div><\/div><\/div><div class=\"fusion-layout-column fusion_builder_column fusion-builder-column-4 fusion_builder_column_1_2 1_2 fusion-one-half fusion-column-first\" style=\"--awb-padding-top:30px;--awb-padding-right:30px;--awb-padding-bottom:30px;--awb-padding-left:30px;--awb-bg-color:#d8d8d8;--awb-bg-color-hover:#d8d8d8;--awb-bg-size:cover;width:48%; margin-right: 4%;\"><div class=\"fusion-column-wrapper fusion-flex-column-wrapper-legacy\"><div class=\"fusion-image-element fusion-image-align-center in-legacy-container\" style=\"text-align:center;--awb-caption-title-font-family:var(--h2_typography-font-family);--awb-caption-title-font-weight:var(--h2_typography-font-weight);--awb-caption-title-font-style:var(--h2_typography-font-style);--awb-caption-title-size:var(--h2_typography-font-size);--awb-caption-title-transform:var(--h2_typography-text-transform);--awb-caption-title-line-height:var(--h2_typography-line-height);--awb-caption-title-letter-spacing:var(--h2_typography-letter-spacing);\"><div class=\"imageframe-align-center\"><span class=\" fusion-imageframe imageframe-none imageframe-3 hover-type-none\" style=\"border:10px solid #f6f6f6;\"><img decoding=\"async\" width=\"400\" height=\"400\" title=\"sik19\" data-src=\"http:\/\/nowa-strona.grupajagiellonia.pl\/wp-content\/uploads\/2015\/02\/sik19.jpg\" alt class=\"img-responsive wp-image-974 lazyload\" data-srcset=\"http:\/\/grupajagiellonia.pl\/wp-content\/uploads\/2015\/02\/sik19-200x200.jpg 200w, http:\/\/grupajagiellonia.pl\/wp-content\/uploads\/2015\/02\/sik19.jpg 400w\" data-sizes=\"(max-width: 800px) 100vw, 400px\" src=\"data:image\/gif;base64,R0lGODlhAQABAAAAACH5BAEKAAEALAAAAAABAAEAAAICTAEAOw==\" style=\"--smush-placeholder-width: 400px; --smush-placeholder-aspect-ratio: 400\/400;\" \/><noscript><img decoding=\"async\" width=\"400\" height=\"400\" title=\"sik19\" src=\"http:\/\/nowa-strona.grupajagiellonia.pl\/wp-content\/uploads\/2015\/02\/sik19.jpg\" alt class=\"img-responsive wp-image-974\" srcset=\"http:\/\/grupajagiellonia.pl\/wp-content\/uploads\/2015\/02\/sik19-200x200.jpg 200w, http:\/\/grupajagiellonia.pl\/wp-content\/uploads\/2015\/02\/sik19.jpg 400w\" sizes=\"(max-width: 800px) 100vw, 400px\" \/><\/noscript><\/span><\/div><\/div><div class=\"fusion-sep-clear\"><\/div><div class=\"fusion-separator fusion-full-width-sep\" style=\"margin-left: auto;margin-right: auto;margin-top:12px;margin-bottom:12px;width:100%;\"><\/div><div class=\"fusion-sep-clear\"><\/div><div class=\"fusion-text fusion-text-6\"><h3 style=\"text-align: center;\"><strong>Sikorki 19 Krak\u00f3w<br \/>\n<\/strong><\/h3>\n<\/div><div class=\"fusion-sep-clear\"><\/div><div class=\"fusion-separator fusion-full-width-sep\" style=\"margin-left: auto;margin-right: auto;margin-top:12px;margin-bottom:12px;width:100%;\"><\/div><div class=\"fusion-sep-clear\"><\/div><div class=\"fusion-text fusion-text-7\"><p style=\"text-align: center;\"><em>Dwukondygnacyjna hala magazynowo \u2013 produkcyjna dysponuj\u0105ca wygodnym parkingiem po\u0142o\u017cona w przemys\u0142owej cz\u0119\u015bci dzielnicy Czy\u017cyny.<\/em><\/p>\n<\/div><div class=\"fusion-aligncenter\"><a class=\"fusion-button button-flat fusion-button-default-size button-lightgray fusion-button-lightgray button-3 fusion-button-default-span fusion-button-default-type\" target=\"_self\" href=\"http:\/\/nowa-strona.grupajagiellonia.pl\/index.php\/sikorki\/\"><span class=\"fusion-button-text\">SZCZEG\u00d3\u0141Y<\/span><\/a><\/div><div class=\"fusion-clearfix\"><\/div><\/div><\/div><div class=\"fusion-layout-column fusion_builder_column fusion-builder-column-5 fusion_builder_column_1_2 1_2 fusion-one-half fusion-column-last\" style=\"--awb-padding-top:30px;--awb-padding-right:30px;--awb-padding-bottom:30px;--awb-padding-left:30px;--awb-bg-color:#d8d8d8;--awb-bg-color-hover:#d8d8d8;--awb-bg-size:cover;width:48%;\"><div class=\"fusion-column-wrapper fusion-flex-column-wrapper-legacy\"><div class=\"fusion-image-element fusion-image-align-center in-legacy-container\" style=\"text-align:center;--awb-caption-title-font-family:var(--h2_typography-font-family);--awb-caption-title-font-weight:var(--h2_typography-font-weight);--awb-caption-title-font-style:var(--h2_typography-font-style);--awb-caption-title-size:var(--h2_typography-font-size);--awb-caption-title-transform:var(--h2_typography-text-transform);--awb-caption-title-line-height:var(--h2_typography-line-height);--awb-caption-title-letter-spacing:var(--h2_typography-letter-spacing);\"><div class=\"imageframe-align-center\"><span class=\" fusion-imageframe imageframe-none imageframe-4 hover-type-none\" style=\"border:10px solid #f6f6f6;\"><img decoding=\"async\" width=\"400\" height=\"400\" title=\"ns\" data-src=\"http:\/\/nowa-strona.grupajagiellonia.pl\/wp-content\/uploads\/2015\/02\/ns.jpg\" alt class=\"img-responsive wp-image-972 lazyload\" data-srcset=\"http:\/\/grupajagiellonia.pl\/wp-content\/uploads\/2015\/02\/ns-200x200.jpg 200w, http:\/\/grupajagiellonia.pl\/wp-content\/uploads\/2015\/02\/ns.jpg 400w\" data-sizes=\"(max-width: 800px) 100vw, 400px\" src=\"data:image\/gif;base64,R0lGODlhAQABAAAAACH5BAEKAAEALAAAAAABAAEAAAICTAEAOw==\" style=\"--smush-placeholder-width: 400px; --smush-placeholder-aspect-ratio: 400\/400;\" \/><noscript><img decoding=\"async\" width=\"400\" height=\"400\" title=\"ns\" src=\"http:\/\/nowa-strona.grupajagiellonia.pl\/wp-content\/uploads\/2015\/02\/ns.jpg\" alt class=\"img-responsive wp-image-972\" srcset=\"http:\/\/grupajagiellonia.pl\/wp-content\/uploads\/2015\/02\/ns-200x200.jpg 200w, http:\/\/grupajagiellonia.pl\/wp-content\/uploads\/2015\/02\/ns.jpg 400w\" sizes=\"(max-width: 800px) 100vw, 400px\" \/><\/noscript><\/span><\/div><\/div><div class=\"fusion-sep-clear\"><\/div><div class=\"fusion-separator fusion-full-width-sep\" style=\"margin-left: auto;margin-right: auto;margin-top:12px;margin-bottom:12px;width:100%;\"><\/div><div class=\"fusion-sep-clear\"><\/div><div class=\"fusion-text fusion-text-8\"><h3 style=\"text-align: center;\"><strong>Narutowicza 10 Nowy S\u0105cz<br \/>\n<\/strong><\/h3>\n<\/div><div class=\"fusion-sep-clear\"><\/div><div class=\"fusion-separator fusion-full-width-sep\" style=\"margin-left: auto;margin-right: auto;margin-top:12px;margin-bottom:12px;width:100%;\"><\/div><div class=\"fusion-sep-clear\"><\/div><div class=\"fusion-text fusion-text-9\"><p style=\"text-align: center;\"><em>Przedwojenna pi\u0119trowa willa z poddaszem, piwnicami i ogrodem po\u0142o\u017cona w cichym zau\u0142ku, daj\u0105ca mo\u017cliwo\u015b\u0107 aran\u017cacji na obiekt us\u0142ugowo \u2013 biurowy b\u0105d\u017a biurowo-mieszkalny.<\/em><\/p>\n<\/div><div class=\"fusion-aligncenter\"><a class=\"fusion-button button-flat fusion-button-default-size button-lightgray fusion-button-lightgray button-4 fusion-button-default-span fusion-button-default-type\" target=\"_self\" href=\"http:\/\/nowa-strona.grupajagiellonia.pl\/index.php\/narutowicza\/\"><span class=\"fusion-button-text\">SZCZEG\u00d3\u0141Y<\/span><\/a><\/div><div class=\"fusion-clearfix\"><\/div><\/div><\/div><\/div><\/div><\/p>\n","protected":false},"excerpt":{"rendered":"","protected":false},"author":1,"featured_media":0,"parent":0,"menu_order":0,"comment_status":"closed","ping_status":"open","template":"100-width.php","meta":{"footnotes":""},"class_list":["post-7","page","type-page","status-publish","hentry"],"_links":{"self":[{"href":"http:\/\/grupajagiellonia.pl\/index.php\/wp-json\/wp\/v2\/pages\/7"}],"collection":[{"href":"http:\/\/grupajagiellonia.pl\/index.php\/wp-json\/wp\/v2\/pages"}],"about":[{"href":"http:\/\/grupajagiellonia.pl\/index.php\/wp-json\/wp\/v2\/types\/page"}],"author":[{"embeddable":true,"href":"http:\/\/grupajagiellonia.pl\/index.php\/wp-json\/wp\/v2\/users\/1"}],"replies":[{"embeddable":true,"href":"http:\/\/grupajagiellonia.pl\/index.php\/wp-json\/wp\/v2\/comments?post=7"}],"version-history":[{"count":72,"href":"http:\/\/grupajagiellonia.pl\/index.php\/wp-json\/wp\/v2\/pages\/7\/revisions"}],"predecessor-version":[{"id":772,"href":"http:\/\/grupajagiellonia.pl\/index.php\/wp-json\/wp\/v2\/pages\/7\/revisions\/772"}],"wp:attachment":[{"href":"http:\/\/grupajagiellonia.pl\/index.php\/wp-json\/wp\/v2\/media?parent=7"}],"curies":[{"name":"wp","href":"https:\/\/api.w.org\/{rel}","templated":true}]}}