{"id":873,"date":"2017-05-09T17:20:51","date_gmt":"2017-05-09T15:20:51","guid":{"rendered":"http:\/\/nowa-strona.grupajagiellonia.pl\/?page_id=873"},"modified":"2017-06-20T11:42:57","modified_gmt":"2017-06-20T09:42:57","slug":"sikorki","status":"publish","type":"page","link":"http:\/\/grupajagiellonia.pl\/index.php\/sikorki\/","title":{"rendered":"Sikorki"},"content":{"rendered":"<p><div class=\"fusion-fullwidth fullwidth-box fusion-builder-row-1 nonhundred-percent-fullwidth non-hundred-percent-height-scrolling\" style=\"--awb-border-radius-top-left:0px;--awb-border-radius-top-right:0px;--awb-border-radius-bottom-right:0px;--awb-border-radius-bottom-left:0px;--awb-flex-wrap:wrap;\" ><div class=\"fusion-builder-row fusion-row\"><div class=\"fusion-layout-column fusion_builder_column fusion-builder-column-0 fusion_builder_column_1_1 1_1 fusion-one-full fusion-column-first fusion-column-last\" style=\"--awb-bg-size:cover;\"><div class=\"fusion-column-wrapper fusion-flex-column-wrapper-legacy\"><div class=\"fusion-text fusion-text-1\"><p style=\"text-align: center;\"><strong>INFORMACJE OG\u00d3LNE<\/strong><\/p>\n<p style=\"text-align: center;\">Dwukondygnacyjna hala magazynowo &#8211; produkcyjna zlokalizowana jest w Nowej Hucie, w Dzielnicy XIV w obszarze Czy\u017cyny &#8211; \u0141\u0119g, gdzie dominuje zabudowa przemys\u0142owa.<\/p>\n<p style=\"text-align: center;\">Zarz\u0105dc\u0105 nieruchomo\u015bci jest sp\u00f3\u0142ka Projekty Inwestycyjne sp. z o.o. wchodz\u0105ca w sk\u0142ad Grupy Kapita\u0142owej Jagiellonia.<\/p>\n<p style=\"text-align: center;\">Nieruchomo\u015b\u0107, na kt\u00f3rej posadowiony jest budynek hali tworz\u0105 dwie dzia\u0142ki o \u0142\u0105cznej powierzchni ok. 10 tysi\u0119cy m kw.<\/p>\n<p style=\"text-align: center;\">W 2012 roku budynek zosta\u0142 ocieplony. Wraz z remontem elewacji dokonano wymiany okien na aluminiowe oraz zamontowano nowe bramy wjazdowe. Wymieniona zosta\u0142a r\u00f3wnie\u017c instalacja elektryczna i C.O. wraz z grzejnikami i dmuchawami.<\/p>\n<p style=\"text-align: center;\">Budynek ogrzewany jest z w\u0142asnej kot\u0142owni olejowej i posiada dwa d\u017awigi towarowo \u2013 osobowe.<\/p>\n<p style=\"text-align: center;\">Na zewn\u0105trz wykonano podjazdy z kostki brukowej. Nieruchomo\u015b\u0107 posiada du\u017c\u0105 ilo\u015b\u0107 miejsc postojowych oraz powierzchni zielonych.<\/p>\n<p style=\"text-align: center;\">\u00a0Aktualnie praktycznie ca\u0142a powierzchnia jest wynaj\u0119ta.<\/p>\n<\/div><div class=\"fusion-clearfix\"><\/div><\/div><\/div><\/div><\/div><div class=\"fusion-fullwidth fullwidth-box fusion-builder-row-2 nonhundred-percent-fullwidth non-hundred-percent-height-scrolling\" style=\"--awb-border-radius-top-left:0px;--awb-border-radius-top-right:0px;--awb-border-radius-bottom-right:0px;--awb-border-radius-bottom-left:0px;--awb-flex-wrap:wrap;\" ><div class=\"fusion-builder-row fusion-row\"><div class=\"fusion-layout-column fusion_builder_column fusion-builder-column-1 fusion_builder_column_1_1 1_1 fusion-one-full fusion-column-first fusion-column-last\" style=\"--awb-bg-size:cover;\"><div class=\"fusion-column-wrapper fusion-flex-column-wrapper-legacy\"><div class=\"fusion-text fusion-text-2\"><p style=\"text-align: center;\"><strong>Obiekt\u00a0 posiada ochron\u0119 fizyczn\u0105 i monitoring, a teren ca\u0142ej nieruchomo\u015bci jest ogrodzony.<\/strong><\/p>\n<\/div><div class=\"fusion-text fusion-text-3\"><h3 style=\"text-align: center;\">Galeria obiektu<\/h3>\n<\/div><div class=\"fusion-clearfix\"><\/div><\/div><\/div><\/div><\/div><div class=\"fusion-fullwidth fullwidth-box fusion-builder-row-3 nonhundred-percent-fullwidth non-hundred-percent-height-scrolling\" style=\"--awb-border-radius-top-left:0px;--awb-border-radius-top-right:0px;--awb-border-radius-bottom-right:0px;--awb-border-radius-bottom-left:0px;--awb-flex-wrap:wrap;\" ><div class=\"fusion-builder-row fusion-row\"><div class=\"fusion-layout-column fusion_builder_column fusion-builder-column-2 fusion_builder_column_1_4 1_4 fusion-one-fourth fusion-column-first\" style=\"--awb-bg-size:cover;width:25%;width:calc(25% - ( ( 4% + 4% ) * 0.25 ) );margin-right: 4%;\"><div class=\"fusion-column-wrapper fusion-flex-column-wrapper-legacy\"><div class=\"fusion-image-element in-legacy-container\" style=\"--awb-caption-title-font-family:var(--h2_typography-font-family);--awb-caption-title-font-weight:var(--h2_typography-font-weight);--awb-caption-title-font-style:var(--h2_typography-font-style);--awb-caption-title-size:var(--h2_typography-font-size);--awb-caption-title-transform:var(--h2_typography-text-transform);--awb-caption-title-line-height:var(--h2_typography-line-height);--awb-caption-title-letter-spacing:var(--h2_typography-letter-spacing);\"><span class=\" fusion-imageframe imageframe-none imageframe-1 hover-type-none\"><a href=\"http:\/\/nowa-strona.grupajagiellonia.pl\/wp-content\/uploads\/2017\/05\/sikorki-1.jpg\" class=\"fusion-lightbox\" data-rel=\"iLightbox[2]\" title=\"sikorki-1\"><img decoding=\"async\" width=\"300\" height=\"200\" data-src=\"http:\/\/nowa-strona.grupajagiellonia.pl\/wp-content\/uploads\/2017\/05\/sikorki-1-300x200.jpg\" alt class=\"img-responsive wp-image-875 lazyload\" data-srcset=\"http:\/\/grupajagiellonia.pl\/wp-content\/uploads\/2017\/05\/sikorki-1-200x133.jpg 200w, http:\/\/grupajagiellonia.pl\/wp-content\/uploads\/2017\/05\/sikorki-1-400x267.jpg 400w, http:\/\/grupajagiellonia.pl\/wp-content\/uploads\/2017\/05\/sikorki-1-600x400.jpg 600w, http:\/\/grupajagiellonia.pl\/wp-content\/uploads\/2017\/05\/sikorki-1-800x533.jpg 800w, http:\/\/grupajagiellonia.pl\/wp-content\/uploads\/2017\/05\/sikorki-1.jpg 1200w\" data-sizes=\"(max-width: 800px) 100vw, 400px\" src=\"data:image\/gif;base64,R0lGODlhAQABAAAAACH5BAEKAAEALAAAAAABAAEAAAICTAEAOw==\" style=\"--smush-placeholder-width: 300px; --smush-placeholder-aspect-ratio: 300\/200;\" \/><noscript><img decoding=\"async\" width=\"300\" height=\"200\" src=\"http:\/\/nowa-strona.grupajagiellonia.pl\/wp-content\/uploads\/2017\/05\/sikorki-1-300x200.jpg\" alt class=\"img-responsive wp-image-875\" srcset=\"http:\/\/grupajagiellonia.pl\/wp-content\/uploads\/2017\/05\/sikorki-1-200x133.jpg 200w, http:\/\/grupajagiellonia.pl\/wp-content\/uploads\/2017\/05\/sikorki-1-400x267.jpg 400w, http:\/\/grupajagiellonia.pl\/wp-content\/uploads\/2017\/05\/sikorki-1-600x400.jpg 600w, http:\/\/grupajagiellonia.pl\/wp-content\/uploads\/2017\/05\/sikorki-1-800x533.jpg 800w, http:\/\/grupajagiellonia.pl\/wp-content\/uploads\/2017\/05\/sikorki-1.jpg 1200w\" sizes=\"(max-width: 800px) 100vw, 400px\" \/><\/noscript><\/a><\/span><\/div><div class=\"fusion-clearfix\"><\/div><\/div><\/div><div class=\"fusion-layout-column fusion_builder_column fusion-builder-column-3 fusion_builder_column_1_4 1_4 fusion-one-fourth\" style=\"--awb-bg-size:cover;width:25%;width:calc(25% - ( ( 4% + 4% ) * 0.25 ) );margin-right: 4%;\"><div class=\"fusion-column-wrapper fusion-flex-column-wrapper-legacy\"><div class=\"fusion-image-element in-legacy-container\" style=\"--awb-caption-title-font-family:var(--h2_typography-font-family);--awb-caption-title-font-weight:var(--h2_typography-font-weight);--awb-caption-title-font-style:var(--h2_typography-font-style);--awb-caption-title-size:var(--h2_typography-font-size);--awb-caption-title-transform:var(--h2_typography-text-transform);--awb-caption-title-line-height:var(--h2_typography-line-height);--awb-caption-title-letter-spacing:var(--h2_typography-letter-spacing);\"><span class=\" fusion-imageframe imageframe-none imageframe-2 hover-type-none\"><a href=\"http:\/\/nowa-strona.grupajagiellonia.pl\/wp-content\/uploads\/2017\/05\/sikorki-2.jpg\" class=\"fusion-lightbox\" data-rel=\"iLightbox[2]\" title=\"sikorki-2\"><img decoding=\"async\" width=\"300\" height=\"200\" data-src=\"http:\/\/nowa-strona.grupajagiellonia.pl\/wp-content\/uploads\/2017\/05\/sikorki-2-300x200.jpg\" alt class=\"img-responsive wp-image-876 lazyload\" data-srcset=\"http:\/\/grupajagiellonia.pl\/wp-content\/uploads\/2017\/05\/sikorki-2-200x133.jpg 200w, http:\/\/grupajagiellonia.pl\/wp-content\/uploads\/2017\/05\/sikorki-2-400x267.jpg 400w, http:\/\/grupajagiellonia.pl\/wp-content\/uploads\/2017\/05\/sikorki-2-600x400.jpg 600w, http:\/\/grupajagiellonia.pl\/wp-content\/uploads\/2017\/05\/sikorki-2-800x533.jpg 800w, http:\/\/grupajagiellonia.pl\/wp-content\/uploads\/2017\/05\/sikorki-2.jpg 1200w\" data-sizes=\"(max-width: 800px) 100vw, 400px\" src=\"data:image\/gif;base64,R0lGODlhAQABAAAAACH5BAEKAAEALAAAAAABAAEAAAICTAEAOw==\" style=\"--smush-placeholder-width: 300px; --smush-placeholder-aspect-ratio: 300\/200;\" \/><noscript><img decoding=\"async\" width=\"300\" height=\"200\" src=\"http:\/\/nowa-strona.grupajagiellonia.pl\/wp-content\/uploads\/2017\/05\/sikorki-2-300x200.jpg\" alt class=\"img-responsive wp-image-876\" srcset=\"http:\/\/grupajagiellonia.pl\/wp-content\/uploads\/2017\/05\/sikorki-2-200x133.jpg 200w, http:\/\/grupajagiellonia.pl\/wp-content\/uploads\/2017\/05\/sikorki-2-400x267.jpg 400w, http:\/\/grupajagiellonia.pl\/wp-content\/uploads\/2017\/05\/sikorki-2-600x400.jpg 600w, http:\/\/grupajagiellonia.pl\/wp-content\/uploads\/2017\/05\/sikorki-2-800x533.jpg 800w, http:\/\/grupajagiellonia.pl\/wp-content\/uploads\/2017\/05\/sikorki-2.jpg 1200w\" sizes=\"(max-width: 800px) 100vw, 400px\" \/><\/noscript><\/a><\/span><\/div><div class=\"fusion-clearfix\"><\/div><\/div><\/div><div class=\"fusion-layout-column fusion_builder_column fusion-builder-column-4 fusion_builder_column_1_4 1_4 fusion-one-fourth fusion-column-last\" style=\"--awb-bg-size:cover;width:25%;width:calc(25% - ( ( 4% + 4% ) * 0.25 ) );\"><div class=\"fusion-column-wrapper fusion-flex-column-wrapper-legacy\"><div class=\"fusion-image-element in-legacy-container\" style=\"--awb-caption-title-font-family:var(--h2_typography-font-family);--awb-caption-title-font-weight:var(--h2_typography-font-weight);--awb-caption-title-font-style:var(--h2_typography-font-style);--awb-caption-title-size:var(--h2_typography-font-size);--awb-caption-title-transform:var(--h2_typography-text-transform);--awb-caption-title-line-height:var(--h2_typography-line-height);--awb-caption-title-letter-spacing:var(--h2_typography-letter-spacing);\"><span class=\" fusion-imageframe imageframe-none imageframe-3 hover-type-none\"><a href=\"http:\/\/nowa-strona.grupajagiellonia.pl\/wp-content\/uploads\/2017\/05\/sikorki-3.jpg\" class=\"fusion-lightbox\" data-rel=\"iLightbox[2]\" title=\"sikorki-3\"><img decoding=\"async\" width=\"300\" height=\"200\" data-src=\"http:\/\/nowa-strona.grupajagiellonia.pl\/wp-content\/uploads\/2017\/05\/sikorki-3-300x200.jpg\" alt class=\"img-responsive wp-image-877 lazyload\" data-srcset=\"http:\/\/grupajagiellonia.pl\/wp-content\/uploads\/2017\/05\/sikorki-3-200x133.jpg 200w, http:\/\/grupajagiellonia.pl\/wp-content\/uploads\/2017\/05\/sikorki-3-400x267.jpg 400w, http:\/\/grupajagiellonia.pl\/wp-content\/uploads\/2017\/05\/sikorki-3-600x400.jpg 600w, http:\/\/grupajagiellonia.pl\/wp-content\/uploads\/2017\/05\/sikorki-3-800x533.jpg 800w, http:\/\/grupajagiellonia.pl\/wp-content\/uploads\/2017\/05\/sikorki-3.jpg 1200w\" data-sizes=\"(max-width: 800px) 100vw, 400px\" src=\"data:image\/gif;base64,R0lGODlhAQABAAAAACH5BAEKAAEALAAAAAABAAEAAAICTAEAOw==\" style=\"--smush-placeholder-width: 300px; --smush-placeholder-aspect-ratio: 300\/200;\" \/><noscript><img decoding=\"async\" width=\"300\" height=\"200\" src=\"http:\/\/nowa-strona.grupajagiellonia.pl\/wp-content\/uploads\/2017\/05\/sikorki-3-300x200.jpg\" alt class=\"img-responsive wp-image-877\" srcset=\"http:\/\/grupajagiellonia.pl\/wp-content\/uploads\/2017\/05\/sikorki-3-200x133.jpg 200w, http:\/\/grupajagiellonia.pl\/wp-content\/uploads\/2017\/05\/sikorki-3-400x267.jpg 400w, http:\/\/grupajagiellonia.pl\/wp-content\/uploads\/2017\/05\/sikorki-3-600x400.jpg 600w, http:\/\/grupajagiellonia.pl\/wp-content\/uploads\/2017\/05\/sikorki-3-800x533.jpg 800w, http:\/\/grupajagiellonia.pl\/wp-content\/uploads\/2017\/05\/sikorki-3.jpg 1200w\" sizes=\"(max-width: 800px) 100vw, 400px\" \/><\/noscript><\/a><\/span><\/div><div class=\"fusion-clearfix\"><\/div><\/div><\/div><\/div><\/div><\/p>\n","protected":false},"excerpt":{"rendered":"","protected":false},"author":1,"featured_media":0,"parent":0,"menu_order":0,"comment_status":"closed","ping_status":"closed","template":"","meta":{"footnotes":""},"class_list":["post-873","page","type-page","status-publish","hentry"],"_links":{"self":[{"href":"http:\/\/grupajagiellonia.pl\/index.php\/wp-json\/wp\/v2\/pages\/873"}],"collection":[{"href":"http:\/\/grupajagiellonia.pl\/index.php\/wp-json\/wp\/v2\/pages"}],"about":[{"href":"http:\/\/grupajagiellonia.pl\/index.php\/wp-json\/wp\/v2\/types\/page"}],"author":[{"embeddable":true,"href":"http:\/\/grupajagiellonia.pl\/index.php\/wp-json\/wp\/v2\/users\/1"}],"replies":[{"embeddable":true,"href":"http:\/\/grupajagiellonia.pl\/index.php\/wp-json\/wp\/v2\/comments?post=873"}],"version-history":[{"count":5,"href":"http:\/\/grupajagiellonia.pl\/index.php\/wp-json\/wp\/v2\/pages\/873\/revisions"}],"predecessor-version":[{"id":1002,"href":"http:\/\/grupajagiellonia.pl\/index.php\/wp-json\/wp\/v2\/pages\/873\/revisions\/1002"}],"wp:attachment":[{"href":"http:\/\/grupajagiellonia.pl\/index.php\/wp-json\/wp\/v2\/media?parent=873"}],"curies":[{"name":"wp","href":"https:\/\/api.w.org\/{rel}","templated":true}]}}